?
-33716
In base 3, what is 10 - 21022221012?
-21022221002
In base 11, what is -111837 + -4?
-111840
In base 9, what is 738 + -40?
688
In base 9, what is -100 - 2888?
-3088
In base 5, what is 13 + 13302021?
13302034
In base 6, what is -11142 - 210?
-11352
In base 4, what is 11 - -1012300?
1012311
In base 12, what is -63520 + -4?
-63524
In base 11, what is 108354 + 2?
108356
In base 10, what is -18 - 141903?
-141921
In base 12, what is -15 - 6572?
-6587
In base 4, what is -13333312 + 1322?
-13331330
In base 9, what is -15 - 27?
-43
In base 8, what is -100 - 710?
-1010
In base 4, what is 113 + -3310212?
-3310033
In base 11, what is -7 + 5a98?
5a91
In base 16, what is -3 + 42fba?
42fb7
In base 6, what is 0 + 231101?
231101
In base 15, what is 2e618 + -1a?
2e5ed
In base 10, what is 707 - -27?
734
In base 11, what is 176 - -157?
322
In base 15, what is 11 - 1b59?
-1b48
In base 4, what is -13 + -103233013?
-103233032
In base 7, what is -21310 - -1206?
-20101
In base 11, what is -7 - 2a580?
-2a587
In base 14, what is -258c + -10?
-259c
In base 11, what is 1a - 4227?
-4208
In base 4, what is -2300 + 302111?
233211
In base 5, what is -41 + 22240?
22144
In base 16, what is 68 + 61d?
685
In base 11, what is 9 - -63a64?
63a72
In base 7, what is -2 + -62544?
-62546
In base 6, what is 34 + 1512550?
1513024
In base 15, what is -18 + 2?
-16
In base 9, what is 10 + 47?
57
In base 12, what is 16 - 10206?
-101b0
In base 15, what is 82ae + 5?
82b4
In base 8, what is 254 + 1206?
1462
In base 14, what is 4 - 4827b?
-48277
In base 7, what is -1042 + 3536?
2464
In base 9, what is 0 - -55272?
55272
In base 9, what is -13 - 20183?
-20206
In base 7, what is 1504 - 2356?
-552
In base 3, what is 0 + -10221101?
-10221101
In base 11, what is 19 + 37a5?
3813
In base 6, what is 14405 - -403?
15212
In base 6, what is 1353423 - -5?
1353432
In base 4, what is -2200 + -1022012?
-1030212
In base 7, what is 1646 - -245?
2224
In base 7, what is -102005 + 2?
-102003
In base 10, what is -710806 - 4?
-710810
In base 2, what is 11 + -101100000000001000?
-101100000000000101
In base 11, what is -6a5 + -290?
-985
In base 3, what is 1 - -2110221020?
2110221021
In base 2, what is -100111011010 + -1011001?
-101000110011
In base 9, what is 15 - -60667?
60683
In base 16, what is a - -f4a?
f54
In base 6, what is -401424 + 0?
-401424
In base 13, what is -2a927 - -4?
-2a923
In base 10, what is 55 + -833?
-778
In base 9, what is 2 + 768066?
768068
In base 16, what is 0 + -3cac8?
-3cac8
In base 14, what is -4252 - 3?
-4255
In base 5, what is 21212 - 211?
21001
In base 16, what is a2aa - -5?
a2af
In base 8, what is 1160 - 53?
1105
In base 4, what is -10323022312 + -3?
-10323022321
In base 2, what is -10011 - 1000100000?
-1000110011
In base 13, what is 2b - 1c8?
-19a
In base 6, what is 1255 + 505?
2204
In base 2, what is 10 - -11101101010000?
11101101010010
In base 10, what is 2552 + -74?
2478
In base 9, what is -280454 - 2?
-280456
In base 10, what is 22909 - 7?
22902
In base 10, what is -14 + -5335?
-5349
In base 9, what is 38448 + 7?
38456
In base 3, what is 2000211102 + 0?
2000211102
In base 12, what is 5a7 - -3a?
625
In base 4, what is -3 - 10231322221?
-10231322230
In base 15, what is 3798ca + 2?
3798cc
In base 8, what is 2747 - 223?
2524
In base 10, what is -108 + 381?
273
In base 9, what is -170847 - 1?
-170848
In base 6, what is 0 + 3132530?
3132530
In base 11, what is 4 + -7467?
-7463
In base 7, what is -266456330 + 3?
-266456324
In base 16, what is 130 - -b22?
c52
In base 13, what is 4055 + -3?
4052
In base 13, what is 12a + 81?
1ab
In base 3, what is 211202220 + 10002?
211212222
In base 15, what is 38 + 1157?
1190
In base 11, what is -105629 - 1?
-10562a
In base 5, what is 40232404 - -1?
40232410
In base 10, what is -3568 - 3?
-3571
In base 9, what is 116 + -24624?
-24507
In base 8, what is -347 + -103?
-452
In base 10, what is -168 - 177?
-345
In base 12, what is 0 - -5b17?
5b17
In base 3, what is -2012 + -1002201?
-1011220
In base 15, what is 6132 - -3?
6135
In base 3, what is 120212 - -20?
121002
In base 5, what is -20 - 4402?
-4422
In base 2, what is 100100001110011001 - 110?
100100001110010011
In base 5, what is -34 - -2101?
2012
In base 8, what is -14 + 7346?
7332
In base 12, what is -29a + 1ab5?
1817
In base 2, what is -100101011 + -110100010111?
-111001000010
In base 14, what is bc7 + -a19?
1ac
In base 4, what is 11 + -33032322?
-33032311
In base 7, what is -11213140 + -2?
-11213142
In base 15, what is -5 + -1521?
-1526
In base 13, what is 2 + 1ccc3?
1ccc5
In base 2, what is 101 - 1101110100001?
-1101110011100
In base 3, what is -2200220 + -211?
-2201201
In base 12, what is -1a4b3 + -5?
-1a4b8
In base 14, what is 14c4d - -6?
14c55
In base 10, what is 563 + -117?
446
In base 6, what is 1210 + 344?
1554
In base 6, what is 22 - 33511?
-33445
In base 8, what is -1512 + 2?
-1510
In base 9, what is 54 + 365?
430
In base 11, what is -6858 - 15?
-6872
In base 6, what is 5 + -35401?
-35352
In base 16, what is -df6a - -8?
-df62
In base 16, what is -2e + 47c?
44e
In base 13, what is -2 + 90619?
90617
In base 16, what is 3 - 5997?
-5994
In base 6, what is 1 - -2411124?
2411125
In base 2, what is -100101000010101 + -1000?
-100101000011101
In base 10, what is -21584 + 3?
-21581
In base 14, what is 5 - -5078?
507d
In base 8, what is 0 - -46765?
46765
In base 9, what is -714655 - 0?
-714655
In base 15, what is -e88 + -1?
-e89
In base 15, what is 4d + 1481?
14ce
In base 11, what is 106180 + -5?
106176
In base 4, what is 310323 + 11312?
322301
In base 12, what is -13263a - -3?
-132637
In base 13, what is 6 + b204?
b20a
In base 4, what is -1030 + 203112?
202022
In base 12, what is 5 + 92662?
92667
In base 9, what is -50 - -131?
71
In base 7, what is -42 - 35505?
-35550
In base 4, what is -1030 - -12312?
11222
In base 7, what is 1002531 - -1?
1002532
In base 16, what is 127339 - -2?
12733b
In base 7, what is -12 - 105411?
-105423
In base 4, what is 11320332 + -2?
11320330
In base 8, what is -41 + -5406?
-5447
In base 11, what is -16 - -8282?
8267
In base 4, what is 20 - -122230310?
122230330
In base 15, what is 2 - 71d?
-71b
In base 14, what is -c90cc - -1?
-c90cb
In base 11, what is 469346 + -2?
469344
In base 9, what is -174 + -751?
-1035
In base 3, what is -21121202 + 12200?
-21102002
In base 4, what is 1012 - -2133322?
2201000
In base 13, what is -2080 + 55?
-2028
In base 13, what is -20a7c - 5?
-20a84
In base 4, what is 101203 + -133?
101010
In base 3, what is -12021 + 1210102?
1121011
In base 9, what is 51 - -12604?
12655
In base 14, what is 30d6 - 61?
3075
In base 8, what is -34635 + 2?
-34633
In base 6, what is 25240 - -14?
25254
In base 9, what is 868 - 2365?
-1386
In base 4, what is 211 - -21233?
22110
In base 11, what is 250 - 698?
-448
In base 10, what is 122 - 791?
-669
In base 7, what is -142 + -3611?
-4053
In base 2, what is 0 - -10010101101000?
10010101101000
In base 2, what is -100 + 10010000010110010?
10010000010101110
In base 10, what is -1115 - -32?
-1083
In base 5, what is -2 + -142312032?
-142312034
In base 11, what is -64a6 - 4?
-64aa
In base 16, what is 2 + -f684?
-f682
In base 15, what is -4 + 16294?
16290
In base 11, what is -201 + -3614?
-3815
In base 11, what is 914 + 80?
994
In base 3, what is 112220202202 + -1?
112220202201
In base 15, what is 1 - 4e320?
-4e31e
In base 10, what is 20 - 994?
-974
In base 7, what is -3 + 663?
660
In base 16, what is -dd + -6d?
-14a
In base 2, what is -10010101111110 - 1?
-10010101111111
In base 14, what is -d - -5427?
5418
In base 12, what is 24 - 162?
-13a
In base 11, what is -38 - 563?
-5a0
In base 10, what is -2 + -98066?
-98068
In base 4, what is -103330112 - -112?
-103330000
In base 7, what is 6 + -13100?
-13061
In base 8, what is 545464 + -4?
545460
In base 11, what is -181746 - -3?
-181743
In base 5, what is 201 - -112222?
112423
In base 12, what is -6a439 - 0?
-6a439
In base 15, what is -1a + 2c2?
2a7
In base 15, what is b4d - 19a?
9a3
In base 14, what is 1 - 71574?
-71573
In base 13, what is 17 - -402?
419
In base 11, what is 71 + 4574?
4635
In base 14, what is -1595 + 7?
-158c
In base 11, what is -337a7 + -3?
-337aa
In base 10, what is 157171 - -4?
157175
In base 9, what is 42648 - 156?
42482
In base 15, what is -2db + -1e14?